isor of 168 and 216?
24
What is the greatest common factor of 135 and 15?
15
Calculate the highest common factor of 82 and 41.
41
Calculate the greatest common divisor of 25 and 9150.
25
Calculate the highest common factor of 138 and 18.
6
What is the greatest common divisor of 12 and 3248?
4
Calculate the greatest common divisor of 736 and 1288.
184
What is the highest common factor of 180 and 140?
20
Calculate the highest common factor of 7514 and 13.
13
What is the greatest common factor of 28 and 16436?
28
What is the highest common factor of 50 and 2000?
50
What is the highest common divisor of 1040 and 26?
26
What is the highest common divisor of 488 and 8?
8
Calculate the highest common divisor of 81139 and 41.
41
What is the greatest common divisor of 32 and 856?
8
What is the highest common divisor of 885 and 1416?
177
Calculate the greatest common divisor of 3546 and 558.
18
What is the greatest common divisor of 663 and 255?
51
Calculate the greatest common factor of 1258 and 296.
74
What is the greatest common factor of 14 and 7?
7
What is the greatest common factor of 2575 and 103?
103
Calculate the greatest common factor of 11710 and 10.
10
What is the highest common factor of 169 and 39?
13
Calculate the greatest common factor of 155 and 62.
31
What is the highest common divisor of 78 and 52806?
78
What is the greatest common factor of 5 and 2815?
5
Calculate the highest common factor of 4 and 38.
2
What is the highest common divisor of 34776 and 189?
189
Calculate the highest common divisor of 14 and 538.
2
What is the highest common factor of 30 and 78?
6
What is the greatest common divisor of 232 and 725?
29
Calculate the highest common factor of 38 and 736.
2
What is the greatest common divisor of 392 and 448?
56
What is the greatest common factor of 3460 and 40?
20
What is the greatest common factor of 2128 and 168?
56
What is the highest common factor of 33 and 59433?
33
What is the highest common divisor of 67 and 13199?
67
What is the greatest common factor of 20510 and 293?
293
Calculate the greatest common factor of 8596 and 140.
28
What is the highest common divisor of 234 and 18?
18
Calculate the highest common factor of 624 and 144.
48
Calculate the greatest common factor of 1846 and 71.
71
Calculate the highest common factor of 15 and 1.
1
Calculate the highest common divisor of 9 and 5133.
3
What is the greatest common factor of 2737 and 483?
161
Calculate the greatest common factor of 14 and 4165.
7
Calculate the highest common factor of 1845 and 6888.
123
What is the highest common factor of 648 and 468?
36
Calculate the greatest common factor of 144 and 6828.
12
Calculate the highest common divisor of 52 and 36.
4
What is the greatest common divisor of 672 and 63?
21
What is the greatest common factor of 460 and 138?
46
What is the highest common divisor of 68 and 323?
17
What is the highest common divisor of 6 and 22?
2
Calculate the highest common factor of 275 and 143.
11
Calculate the greatest common factor of 3072 and 120.
24
Calculate the greatest common factor of 2047 and 2403.
89
What is the greatest common factor of 91 and 567?
7
What is the greatest common factor of 24 and 1128?
24
Calculate the highest common factor of 135 and 324.
27
Calculate the greatest common divisor of 589 and 323.
19
Calculate the greatest common factor of 460 and 20.
20
What is the highest common divisor of 22 and 176?
22
Calculate the highest common factor of 153 and 1700.
17
What is the greatest common divisor of 66 and 360?
6
What is the greatest common factor of 1250 and 50?
50
Calculate the greatest common divisor of 7550 and 25.
25
Calculate the highest common factor of 860 and 8256.
172
Calculate the highest common divisor of 171 and 627.
57
What is the greatest common divisor of 21 and 10773?
21
Calculate the greatest common factor of 33 and 891.
33
What is the greatest common divisor of 3940 and 100?
20
What is the highest common factor of 189 and 819?
63
Calculate the greatest common factor of 200 and 15.
5
What is the greatest common divisor of 539 and 175?
7
What is the highest common divisor of 14013 and 81?
81
What is the greatest common factor of 450 and 18?
18
Calculate the greatest common factor of 62396 and 76.
76
What is the highest common factor of 342 and 81?
9
What is the highest common divisor of 22 and 198?
22
What is the greatest common factor of 1825 and 146?
73
What is the greatest common divisor of 24 and 2344?
8
What is the greatest common divisor of 63 and 18?
9
Calculate the greatest common divisor of 21 and 3843.
21
What is the highest common factor of 152 and 4104?
152
What is the highest common factor of 15 and 1280?
5
Calculate the greatest common divisor of 4641 and 91.
91
What is the highest common divisor of 360 and 288?
72
Calculate the greatest common factor of 3624 and 16.
8
Calculate the greatest common divisor of 300 and 4248.
12
What is the highest common factor of 54 and 8613?
27
What is the highest common divisor of 1236 and 72?
12
Calculate the highest common divisor of 323 and 52649.
323
Calculate the highest common divisor of 8712 and 99.
99
What is the greatest common divisor of 693 and 14784?
231
What is the highest common factor of 195 and 3?
3
What is the greatest common factor of 50 and 685?
5
Calculate the greatest common factor of 464 and 64.
16
Calculate the highest common factor of 5 and 125.
5
What is the greatest common divisor of 2 and 118?
2
What is the highest common factor of 21 and 623?
7
What is the highest common divisor of 4172 and 28?
28
What is the greatest common factor of 1088 and 64?
64
Calculate the greatest common factor of 672 and 36.
12
Calculate the highest common factor of 1080 and 1920.
120
Calculate the greatest common divisor of 608 and 228.
76
Calculate the highest common divisor of 36 and 832.
4
What is the greatest common factor of 55 and 4015?
55
What is the greatest common factor of 295 and 59?
59
What is the highest common factor of 308 and 4?
4
What is the highest common factor of 21012 and 408?
204
What is the highest common factor of 26 and 11882?
26
Calculate the greatest common divisor of 53082 and 54.
54
Calculate the highest common divisor of 72 and 360.
72
Calculate the highest common factor of 471 and 1727.
157
What is the greatest common divisor of 2075 and 83?
83
What is the highest common divisor of 131 and 3275?
131
Calculate the greatest common divisor of 27 and 9.
9
Calculate the highest common divisor of 336 and 2384.
16
What is the greatest common factor of 148 and 32?
4
Calculate the greatest common factor of 33 and 1467.
3
What is the highest common divisor of 546 and 1554?
42
What is the highest common divisor of 16 and 48?
16
What is the highest common divisor of 873 and 194?
97
What is the greatest common factor of 1160 and 40?
40
Calculate the greatest common divisor of 75 and 435.
15
Calculate the highest common divisor of 112 and 184.
8
What is the greatest common divisor of 356 and 267?
89
What is the greatest common factor of 49692 and 82?
82
Calculate the highest common factor of 242 and 22.
22
Calculate the highest common factor of 1338 and 6.
6
What is the highest common divisor of 396 and 1452?
132
Calculate the highest common divisor of 336 and 1176.
168
Calculate the highest common factor of 56386 and 242.
242
What is the greatest common divisor of 324 and 252?
36
Calculate the greatest common factor of 45 and 576.
9
What is the highest common divisor of 2356 and 76?
76
Calculate the highest common factor of 1644 and 12.
12
What is the highest common factor of 9 and 2979?
9
What is the greatest common factor of 2051 and 7?
7
What is the greatest common factor of 10 and 4570?
10
What is the highest common factor of 143 and 2?
1
What is the greatest common factor of 366 and 12?
6
Calculate the highest common divisor of 42 and 56.
14
Calculate the greatest common divisor of 2875 and 125.
125
Calculate the highest common divisor of 10 and 160.
10
Calculate the highest common divisor of 130 and 1690.
130
What is the highest common factor of 710 and 284?
142
Calculate the highest common factor of 304 and 380.
76
Calculate the greatest common divisor of 130 and 26.
26
Calculate the highest common divisor of 5